 = 11*d(l) + 4*g(l). Give a(2).
-7
Suppose 7*q = 3*q. Let y(i) = 7*i + 18. Let f(s) = s. Let u(k) = 6*f(k) - y(k). Calculate u(q).
-18
Suppose -i + 5*i - 3*v = 6, i - 4*v + 5 = 0. Let n(m) = m**3 - 7*m**2 + 5*m - 2. Give n(i).
-23
Let j(n) = n + 3. Let v(t) = t**3 - 5*t**2 - 7*t + 3. Suppose -8 = -3*h + 10. Let k be v(h). Give j(k).
0
Let x = -48 + 20. Let p = 22 + x. Let k(h) = h**3 + 6*h**2 + h + 6. Calculate k(p).
0
Let m(i) be the second derivative of -i**5/20 + 11*i**4/12 + 5*i**3/3 + 3*i**2 - 108*i. Give m(12).
-18
Let w(i) = -3*i + 11. Let n(p) = 8*p - 32. Let k(b) = -4*n(b) - 11*w(b). Let l be 3 + (-4 - 2) + 0. Give k(l).
4
Let x = 38 - 29. Let v(z) = x - 35 + 15 + 10 + 6*z. What is v(3)?
17
Let b(h) be the second derivative of 0 - 3*h**2 - 3*h - 1/6*h**3 - 1/24*h**4 - 1/30*h**5. Let c(n) be the first derivative of b(n). Calculate c(-1).
-2
Suppose w = -5*g + 21, 4*g - w + 1 - 16 = 0. Suppose 2*u = 4*u + g. Let k(y) be the second derivative of y**4/12 + 2*y**3/3 + 3*y**2/2 + 6*y. What is k(u)?
-1
Let g(n) = -8*n + 2. Suppose 0 = 3*c - 5*o - 3, -2*c + 3*o - 3 = -2*o. Suppose 0 = 5*u - 2*u - c. Determine g(u).
-14
Let f = 356 - 355. Let a(n) = -n**3 - n + 1. Calculate a(f).
-1
Suppose 0 = 3*m - 8*m. Suppose 0 = 2*b - d - d - 10, b - 4*d - 2 = m. Suppose 5*x = 4*a + 12, -a + 3*a = -3*x - b. Let c(j) = -j - 9. Calculate c(x).
-9
Let m(n) be the first derivative of 16*n**3/3 - n**2/2 + n + 83. Calculate m(1).
16
Let d(g) = 5*g + 1. Suppose 5*z + 3*i - 53 = 0, -z = -5*i - 4 - 1. Let f = z + -10. Suppose f = u + 4*q + 5, -u - q - 5 + 3 = 0. Give d(u).
-4
Suppose 44 = 30*u - 8*u. Let m(q) = -2*q**3 - 3*q**2 + 2*q. Determine m(u).
-24
Let k(c) = -c. Suppose -8*q - 18 - 38 = 0. Let t = -4 - q. Calculate k(t).
-3
Let s(j) = -14*j + 1. Let r(d) = 5*d. Let f(i) = 8*r(i) + 3*s(i). Determine f(5).
-7
Suppose 6*r - 4*r - 8 = 0. Let l(w) = 0 - w**2 - 4 + 2 - r + 8*w. What is l(6)?
6
Let q(g) = -g - 5. Let h(c) = c**3 - c**2 - c. Let w(z) = 5*z**3 + 3*z**2 - 10*z + 16. Let x(a) = -4*h(a) + w(a). Let d be x(-8). Determine q(d).
-5
Let r(o) = -o**2 - 5*o. Let m be (8/(-12))/(32/24)*10. What is r(m)?
0
Let u(l) = -l**2 + 20*l - 20. Let a = -6 - -25. Let v be u(a). Let d(j) be the second derivative of j**3/3 + j**2/2 - j. Calculate d(v).
-1
Let j be (-1 - 111/(-9)) + 2/3. Suppose t + j*t + 52 = 0. Let k(f) = -f**3 - 5*f**2 - 3*f. Calculate k(t).
-4
Let g(n) be the third derivative of 3*n**4/4 + 52*n**3/3 - 247*n**2 - 2. What is g(-6)?
-4
Let m(d) be the third derivative of -d**4/8 - 19*d**3/6 + 9*d**2. Let w be m(-8). Let p(a) = a. Give p(w).
5
Let p be (6*4)/(-2 - -4). Let o = 14 - p. Suppose 2*l + 28 = -o*l. Let t(g) = -g**2 - 7*g + 5. Calculate t(l).
5
Let i(f) = f - 2*f - 7 + 6. Let o be i(3). Let p(d) = d**2 + 6*d + 1. Give p(o).
-7
Let x(p) = -3*p + 1. Let a be 3 + 4 + -3 + -18. Let b(s) = s**3 + 15*s**2 + 15*s + 13. Let t be b(a). Give x(t).
4
Let q(b) = 2*b**2 - 2*b - 3. Let p = -481 + 485. Calculate q(p).
21
Let c(o) = -o - 1. Let s(m) be the first derivative of -m**4/4 - m**3 + 9*m**2/2 + m + 13. Let g be s(-5). Give c(g).
-7
Let r(s) = 12*s**2 - 6*s**2 - 5*s**2 + 6*s**2. Let w(x) = 2*x + x**2 + 2 + 6*x + x - 3. Let i be w(-9). What is r(i)?
7
Let t(x) = -x**3 + 7*x**2 + 3*x + 15. Let k(y) = y - 3. Let c(j) = -j + 2. Let s(d) = 4*c(d) + 3*k(d). Let a(f) = -6*s(f) - t(f). Give a(7).
12
Let m(c) be the third derivative of c**4/6 + 3*c**3/2 + 18*c**2 - c. Determine m(-2).
1
Let j(n) = -4*n - 637 + 315 + 321. Give j(-4).
15
Let z(i) = -4*i + 15. Let m(g) = 2*g - 8. Let t(b) = -10*m(b) - 6*z(b). Determine t(4).
6
Let j be -2 + (-1 + 1 - -2). Let o(s) be the second derivative of 1/12*s**4 + 1/20*s**5 - 3/2*s**2 - 1/6*s**3 + 0 + 25*s. What is o(j)?
-3
Let v(w) be the second derivative of -w**4/12 - w**3/2 + w**2/2 + 7*w + 6. Determine v(-4).
-3
Let z(q) = 12 + q + 0 - 1 - q**3 - 5 - 11*q**2 - 9. Determine z(-11).
-14
Let n = 2155 + -2168. Let i(u) = 3*u + 44. Calculate i(n).
5
Let c(m) be the first derivative of -m**5/60 - m**3/2 - 29*m**2/2 + 18. Let q(j) be the second derivative of c(j). Calculate q(0).
-3
Let p(g) = g + 7. Let f be p(-3). Let k(j) = 3*j**2 - f*j**2 - 13 - 3*j + 10 - 3*j. Give k(-2).
5
Let t(b) be the first derivative of b**3/3 + 2*b**2 + 2*b - 20. Suppose 0*p - 12 = -4*p. Suppose -5 = -p*y - 20. Determine t(y).
7
Let l(f) be the second derivative of 7/24*f**4 - 3*f + 0*f**2 + 1/120*f**5 - 1/3*f**3 + 0. Let k(y) be the second derivative of l(y). What is k(-6)?
1
Let i(z) = 0 - 8*z - z**3 + 5 + 0 + 7*z**2. Let x be i(6). Let w(o) = -o**2 - 8*o - 1. Determine w(x).
6
Let y(i) = -5*i**3 - 9*i**2 + 3*i + 11. Let o(s) = 9*s**3 + 17*s**2 - 5*s - 21. Let z(f) = -4*o(f) - 7*y(f). Calculate z(-4).
-5
Let u(m) be the second derivative of m**5/20 - m**4/2 + m**3/3 + m**2/2 + 17*m. Let f be 0*(1 - (-2)/(-1)). Let o be (-1 - f) + (-3 - -9). Determine u(o).
-14
Let l(n) = -5*n + 4. Let b = 18 - 21. Let h be (2 + 2 - 0) + b. Let j = 2 + h. Determine l(j).
-11
Let c(t) = -13 + 3*t - 12 - 2*t. Let f = 4453 - 4453. Calculate c(f).
-25
Let q = 131 - 87. Let d be 5/(-2)*q/(-55). Let k(r) = -2*r - 1. Calculate k(d).
-5
Let t(k) be the first derivative of -k**4 + 2*k**3/3 - k - 75. Calculate t(-1).
5
Suppose h + 40 = 100. Let n be 4*5/(h/(-21)). Let f(b) = -2*b - 3. What is f(n)?
11
Let j be (2/2)/((-1)/(-3)). Suppose -8 = -j*a + a. Let f(k) = 12*k - a + 0*k - 6*k - 8*k. Give f(-5).
6
Suppose -109 = -6*a - 115. Let y(o) = -3 + 12*o**3 + 3 - o**2. What is y(a)?
-13
Suppose 6*k = -b + 3*k + 11, k - 5 = -b. Suppose 2*l - 5*o + 25 = 0, -4*o = -b*l - 0*o - 24. Let z(u) = -u**2 - 12*u - 13. Determine z(l).
7
Suppose 3*j = -2*b, -b - 22 = 5*j - 8. Let m(z) be the first derivative of -z**3/3 + 3*z**2 + 2*z + 105. Calculate m(b).
2
Let q(n) be the first derivative of -n**3/3 - 15*n**2/2 - 2*n - 256. Calculate q(-14).
12
Let p(d) = d - 4. Let l(m) = -6*m - 57. Let k be l(-12). Suppose 0 = 5*t - k. What is p(t)?
-1
Let c(s) = 206*s**3 - 107*s**3 + 12*s**2 + 10 + 12*s - 98*s**3. What is c(-11)?
-1
Let c(p) = -p**2 + 9*p - 12. Let x(l) = l**3 - 7*l**2 + 4*l - 23. Let g be x(7). Let k be c(g). Let j(w) = w**3 - 8*w**2 + 11. Give j(k).
11
Let r = 315 - 313. Let j(y) = 3*y**3 + y**2 + 2. Calculate j(r).
30
Suppose -2*u - 2*s + 18 = -2, 2 = -u + 2*s. Let x(p) = 3*p - p**2 - u*p + 4 + 4. What is x(-6)?
-10
Suppose 0 = -63*b + 47*b + 32. Let n(z) = -5*z + 1. Calculate n(b).
-9
Let v(k) = -k + 11. Let n be v(4). Let x(o) = -17*o - 5. Let j(b) = -26*b - 7. Let w(y) = n*x(y) - 5*j(y). Give w(1).
11
Let u(r) be the third derivative of -r**5/60 + r**4/6 - 7*r**3/6 - r**2. Let b(g) = 4*g**3 + 20*g - 3*g**3 + 5 + 18*g**2 - 3*g. Let j be b(-17). Calculate u(j).
-12
Let t be 6/(-96)*20 - (-75)/(-20). Let k(q) = -12*q. Give k(t).
60
Let p(w) = -8*w - 2. Let n(v) = -7*v + 4. Let o(d) = -7*d + 3. Let u(k) = 5*n(k) - 6*o(k). Let m(c) = 2*p(c) + 3*u(c). What is m(-3)?
-13
Let p be (-6)/3 - (-18)/3 - 3. Let t(i) be the third derivative of 3/40*i**6 + 0 + 0*i + 1/6*i**3 - 5*i**2 - 1/24*i**4 - 1/60*i**5. Determine t(p).
8
Let q(y) = y**3 + 5*y**2 - 7*y - 3. Let b(x) = -x**3 - 16*x**2 - 15*x + 8. Suppose 0 = 3*l + 51 - 6. Let c be b(l). Suppose -c*n + 6 = -9*n. Determine q(n).
3
Let f(o) = -o - 6 - 3 - 2. Let w = 3375 + -3381. Calculate f(w).
-5
Suppose 4*g = d - 19, 0 = -3*d - g - 3*g - 7. Let l(r) = d - 10 - 2*r - r**2 + 6. Calculate l(-2).
-1
Let t(w) = -w**3 - 11*w**2 + 13*w + 17. Suppose 3*g - 4*s = -20, -64 = 5*g - 0*s + s. Give t(g).
5
Let h(i) = i + 9. Let n = 9 + -19. Let d be h(n). Let x = 5 + d. Let v(a) = a**2 - 4*a - 4. Calculate v(x).
-4
Let f(h) = -2*h**3 + 5*h**2 - 2*h - 17. Let s(i) = i**3 - 2*i**2 + 2*i + 9. Let y(u) = -3*f(u) - 5*s(u). Let n be (0 - -15)*3/9. What is y(n)?
-14
Suppose 5*r + 2*n - 260 = 0, 0*n - 39 = -r - 3*n. Let i = r - 51. Let g(l) = l**2 - l - 3. Give g(i).
3
Let f be (153/27 - 4)/((-1)/3). Let o(z) = 6*z + 35. Let m(j) = 4*j + 23. Let v(n) = f*o(n) + 8*m(n). Let p(q) = q**3 - 2*q - 2. Let s be p(-2). What is v(s)?
-3
Suppose -4*i + 5*a = 68, i + 2*a - 44 = 4*i. Let z be (2/4)/(i/(-24)). Let k(v) = v + 2*v + z - 4*v. Determine k(-3).
4
Let h(l) = -l**2 + 1 - 3 - 4 - 8*l + 1. Let f be (6/7)/(5/(-35)). Determine h(f).
7
Let z(q) = -5 + 2*q**2 - q**3 - 